{"id":11005,"date":"2022-11-07T12:48:36","date_gmt":"2022-11-07T09:48:36","guid":{"rendered":"https:\/\/dostlukfilmfestivali.com\/?page_id=11005"},"modified":"2024-08-06T22:07:44","modified_gmt":"2024-08-06T19:07:44","slug":"nesat-ertas","status":"publish","type":"page","link":"http:\/\/dostlukfilmfestivali.com\/en\/nesat-ertas\/","title":{"rendered":"Ne\u015fat Erta\u015f"},"content":{"rendered":"<p>[vc_row el_id=&#8221;yillar-menu-row&#8221;][vc_column][vc_btn title=&#8221;2024: Mahmoud Darwish&#8221; color=&#8221;juicy-pink&#8221; size=&#8221;lg&#8221; el_class=&#8221;yillar-menu secili&#8221; link=&#8221;url:http%3A%2F%2Fdostlukfilmfestivali.com%2Fen%2Fmahmud-dervis%2F|title:Mahmud%20Dervi%C5%9F||&#8221;][vc_btn title=&#8221;2022: Ne\u015fat Erta\u015f&#8221; color=&#8221;juicy-pink&#8221; size=&#8221;lg&#8221; el_class=&#8221;yillar-menu secili&#8221; link=&#8221;url:%2Fen%2Fhaci-bektas-veli-2021|||&#8221;][vc_btn title=&#8221;2021: Haji Bektash Veli&#8221; color=&#8221;juicy-pink&#8221; size=&#8221;lg&#8221; el_class=&#8221;yillar-menu &#8221; link=&#8221;url:%2Fen%2Fhaci-bektas-veli-2021|||&#8221;][vc_btn title=&#8221;2020: Yunus Emre&#8221; color=&#8221;juicy-pink&#8221; size=&#8221;lg&#8221; el_class=&#8221;yillar-menu&#8221; link=&#8221;url:%2Fen%2Fyunus-emre|||&#8221;][vc_btn title=&#8221;2019: \u00c2\u015f\u0131k Veysel \u015eat\u0131ro\u011flu&#8221; color=&#8221;juicy-pink&#8221; size=&#8221;lg&#8221; el_class=&#8221;yillar-menu&#8221; link=&#8221;url:%2Fen%2Fasik-veysel-satiroglu|||&#8221;][vc_btn title=&#8221;2018: Fethi Gemuhluo\u011flu&#8221; color=&#8221;juicy-pink&#8221; size=&#8221;lg&#8221; el_class=&#8221;yillar-menu&#8221; link=&#8221;url:%2Fen%2Ffethi-gemuhluoglu|||&#8221;][vc_text_separator title=&#8221;5. International Amity Short Film Festival&#8221; i_icon_fontawesome=&#8221;fa fa-podcast&#8221; i_color=&#8221;grey&#8221; i_size=&#8221;sm&#8221; add_icon=&#8221;true&#8221; el_class=&#8221;seperator-baslik-pembe&#8221;][\/vc_column][\/vc_row][vc_row][vc_column][vc_column_text]<b>(1938 K\u0131r\u015fehir, 25 September 2012 \u0130zmir \/ T\u00fcrkiye)\u00a0<\/b><\/p>\n<p>&nbsp;<\/p>\n<p>The Turkish folk poet, also known as the &#8220;Plectrum of the Steppe,&#8221; is the last great representative of Turkmen \/ Dervish culture and music tradition.<\/p>\n<p>&nbsp;<\/p>\n<p>He was born in 1938 in the K\u0131rt\u0131llar village of \u00c7i\u00e7ekda\u011f\u0131 district (today known as Akp\u0131nar) of K\u0131r\u015fehir. His father, Muharrem Erta\u015f, is the most outstanding representative of the Turkmen\/Dervish music, especially the bozlak (kind of a folk song) tradition, and his mother, D\u00f6ne Erta\u015f, is from the Hac\u0131aliobas\u0131 village of Keskin district of K\u0131r\u0131kkale. His first step into the profession was to play the cymbal and darbuka at the village weddings he attended with his father from a young age. At eight, he and his family moved from K\u0131rt\u0131llar and settled in \u0130bikli village. His mother, D\u00f6ne, passed away when he was 12 years old. He lived a nomadic life for a while with his father and siblings. His father married a woman named &#8220;Arzu&#8221; from the K\u0131r\u0131ksoku village of Yozgat and lived there for a time. Later, they settled in the Yerk\u00f6y district of Yozgat. They resided in K\u0131r\u015fehir, \u00c7i\u00e7ekda\u011f\u0131, Yozgat, Yerk\u00f6y, and then in K\u0131r\u0131kkale for two years, respectively. Ne\u015fet Erta\u015f, who was never able to get an education, learned to play first the violin, then the metal mandolin and baglama by himself. He played and sang folk songs with mandolin and violin at the local weddings he attended with his father. He said that his father&#8217;s art influenced him the most: &#8220;I owe ninety percent of my art to my father. My father and I are people of the same spirit.&#8221;<\/p>\n<p>&nbsp;<\/p>\n<p>In the early 1950s, Ne\u015fet Erta\u015f&#8217;s name was heard throughout the country after he played and sang the song &#8220;I did not laugh since I came into this world&#8221; on the &#8220;Yurttan Sesler&#8221; program directed by Muzaffer Sar\u0131s\u00f6zen and broadcasted live on TRT Ankara Radio. Until the mid-1970s, he was called to Ankara Radio as a &#8220;guest local artist&#8221; every fortnight and made solo bands of fifteen minutes each. He went to Istanbul in 1957, and his first record was her father&#8217;s folk song. The first gramophone record, &#8220;Why Do You Strangely Sing, Nightingale,&#8221; was followed by other records and public concerts. After working in Istanbul for two years, he continued performing in Ankara. She traveled to almost all cities and counties of Turkey, first with concert tours together with different genre musicians and actors and then with solo concerts.<\/p>\n<p>&nbsp;<\/p>\n<p>Ne\u015fet Erta\u015f, who did his military service in the Narl\u0131dere district of \u0130zmir in 1962, first became a partner in an instrument shop and then transferred the shop entirely to the famous instrument master H\u00fcseyin Koluman, known by the nickname &#8220;Tav\u015fanc\u0131,&#8221; whom he met in Ankara after his military service. After that, he met a cleaning lady, Leyla Erta\u015f, who came to the shop by chance to buy his record and married. Erta\u015f had three children from this marriage, D\u00f6ne, H\u00fcseyin, and Canan.<\/p>\n<p>&nbsp;<\/p>\n<p>The artist, whose fingers were paralyzed while performing at the end of the 1970s, could not get better after two years of physical therapy and became unemployed. With the support of his older brother Necati Erta\u015f, he went to Germany to be treated. Shortly after, he brought his children to Germany as well. He settled first in Berlin and then in Bergheim, near Cologne. He gave concerts and went to weddings in almost all cities where Turkish workers lived. During his years in Germany, he released around 20 cassettes. He mostly sang folk songs, bozlaks, and his own folk poems, as well as Anatolian folk dance and traditional dance tunes of the Central Anatolian region.<\/p>\n<p>&nbsp;<\/p>\n<p>He returned to Turkey in 2003 and settled in Izmir. He stated that he could not accept the title of &#8220;state artist&#8221; given to him by saying, &#8220;I am the artist of the people.&#8221; In 2006 he was chosen for the Turkish Parliamentary Outstanding Service Award. In addition, Erta\u015f was included in T\u00fcrkiye National List as part of the Unesco Preservation of the Intangible Cultural Heritage agreement, accepted as the Living Human Treasure, and awarded the &#8220;Honorary Doctor&#8221; title by the ITU Council on April 25, 2011. His baglama playing style and technique, the way he uses his voice and his singing style, the literary and aesthetic value of his poems, and his repertoire, as well as his poet\/ashik identity, are widely became the subject of lectures and thesises in universities and conservatories.<\/p>\n<p>&nbsp;<\/p>\n<p>Ne\u015fet Erta\u015f passed away on September 25, 2012 in Izmir. Upon his will, he was buried at the foot of his father&#8217;s grave in the Ba\u011fba\u015f\u0131 Cemetery in K\u0131r\u015fehir. His family wrote the following lines on his tombstone: &#8220;Be careful, human beings \/ Do not hurt a soul, do not hurt \/ Every soul is a heart, attached to God \/ Do not hurt a soul, do not hurt.&#8221;<\/p>\n<p>&nbsp;<\/p>\n<p>The name of Ne\u015fet Erta\u015f, whose life and art became subject to many documentary films and various broadcasts, was given to streets, schools, parks, and cultural centers in many cities, especially in K\u0131r\u015fehir and Ankara. In addition, there is a monument\/statue of him and his father together in K\u0131r\u015fehir, which was built by the sculptor Tankut \u00d6ktem at the request of the Ministry of Culture, General Directorate of Fine Arts. The Android statue made by Adil \u00c7elik is also located in K\u0131r\u015fehir Ne\u015fet Erta\u015f G\u00f6n\u00fcl Sultanlar\u0131 Culture House.<\/p>\n<p>&nbsp;<\/p>\n<p>The legacy of Ne\u015fet Erta\u015f, the representative of a significant tradition whose roots go back thousands of years, is being preserved and passed onto future generations by his family and loved ones\u2026<\/p>\n<p>[\/vc_column_text][\/vc_column][vc_column][\/vc_column][\/vc_row]<\/p>\n","protected":false},"excerpt":{"rendered":"<p>[vc_row el_id=&#8221;yillar-menu-row&#8221;][vc_column][vc_btn title=&#8221;2024: Mahmoud Darwish&#8221; color=&#8221;juicy-pink&#8221; size=&#8221;lg&#8221; el_class=&#8221;yillar-menu secili&#8221; link=&#8221;url:http%3A%2F%2Fdostlukfilmfestivali.com%2Fen%2Fmahmud-dervis%2F|title:Mahmud%20Dervi%C5%9F||&#8221;][vc_btn title=&#8221;2022: Ne\u015fat Erta\u015f&#8221; color=&#8221;juicy-pink&#8221; size=&#8221;lg&#8221; el_class=&#8221;yillar-menu secili&#8221; link=&#8221;url:%2Fen%2Fhaci-bektas-veli-2021|||&#8221;][vc_btn title=&#8221;2021: Haji Bektash Veli&#8221; color=&#8221;juicy-pink&#8221; size=&#8221;lg&#8221; el_class=&#8221;yillar-menu &#8221; link=&#8221;url:%2Fen%2Fhaci-bektas-veli-2021|||&#8221;][vc_btn title=&#8221;2020: Yunus Emre&#8221; color=&#8221;juicy-pink&#8221; size=&#8221;lg&#8221; el_class=&#8221;yillar-menu&#8221; link=&#8221;url:%2Fen%2Fyunus-emre|||&#8221;][vc_btn title=&#8221;2019: \u00c2\u015f\u0131k Veysel \u015eat\u0131ro\u011flu&#8221; color=&#8221;juicy-pink&#8221; size=&#8221;lg&#8221; el_class=&#8221;yillar-menu&#8221; link=&#8221;url:%2Fen%2Fasik-veysel-satiroglu|||&#8221;][vc_btn title=&#8221;2018: Fethi Gemuhluo\u011flu&#8221; color=&#8221;juicy-pink&#8221; size=&#8221;lg&#8221; el_class=&#8221;yillar-menu&#8221; link=&#8221;url:%2Fen%2Ffethi-gemuhluoglu|||&#8221;][vc_text_separator title=&#8221;5. International Amity Short Film Festival&#8221;&#8230;<\/p>\n","protected":false},"author":1,"featured_media":0,"parent":0,"menu_order":0,"comment_status":"closed","ping_status":"closed","template":"page-fullcontent.php","meta":{"footnotes":""},"class_list":["post-11005","page","type-page","status-publish","hentry"],"_links":{"self":[{"href":"http:\/\/dostlukfilmfestivali.com\/en\/wp-json\/wp\/v2\/pages\/11005"}],"collection":[{"href":"http:\/\/dostlukfilmfestivali.com\/en\/wp-json\/wp\/v2\/pages"}],"about":[{"href":"http:\/\/dostlukfilmfestivali.com\/en\/wp-json\/wp\/v2\/types\/page"}],"author":[{"embeddable":true,"href":"http:\/\/dostlukfilmfestivali.com\/en\/wp-json\/wp\/v2\/users\/1"}],"replies":[{"embeddable":true,"href":"http:\/\/dostlukfilmfestivali.com\/en\/wp-json\/wp\/v2\/comments?post=11005"}],"version-history":[{"count":5,"href":"http:\/\/dostlukfilmfestivali.com\/en\/wp-json\/wp\/v2\/pages\/11005\/revisions"}],"predecessor-version":[{"id":11759,"href":"http:\/\/dostlukfilmfestivali.com\/en\/wp-json\/wp\/v2\/pages\/11005\/revisions\/11759"}],"wp:attachment":[{"href":"http:\/\/dostlukfilmfestivali.com\/en\/wp-json\/wp\/v2\/media?parent=11005"}],"curies":[{"name":"wp","href":"https:\/\/api.w.org\/{rel}","templated":true}]}}

Neşat Ertaş

<p>[vc_row el_id=&#8221;yillar-menu-row&#8221;][vc_column][vc_btn title=&#8221;2024: Mahmoud Darwish&#8221; color=&#8221;juicy-pink&#8221; size=&#8221;lg&#8221; el_class=&#8221;yillar-menu secili&#8221; link=&#8221;url:http%3A%2F%2Fdostlukfilmfestivali.com%2Fen%2Fmahmud-dervis%2F|title:Mahmud%20Dervi%C5%9F||&#8221;][vc_btn title=&#8221;2022: Neşat Ertaş&#8221; color=&#8221;juicy-pink&#8221; size=&#8221;lg&#8221; el_class=&#8221;yillar-menu secili&#8221; link=&#8221;url:%2Fen%2Fhaci-bektas-veli-2021|||&#8221;][vc_btn title=&#8221;2021: Haji Bektash Veli&#8221; color=&#8221;juicy-pink&#8221; size=&#8221;lg&#8221; el_class=&#8221;yillar-menu &#8221; link=&#8221;url:%2Fen%2Fhaci-bektas-veli-2021|||&#8221;][vc_btn title=&#8221;2020: Yunus Emre&#8221; color=&#8221;juicy-pink&#8221; size=&#8221;lg&#8221; el_class=&#8221;yillar-menu&#8221; link=&#8221;url:%2Fen%2Fyunus-emre|||&#8221;][vc_btn title=&#8221;2019: Âşık Veysel Şatıroğlu&#8221; color=&#8221;juicy-pink&#8221; size=&#8221;lg&#8221; el_class=&#8221;yillar-menu&#8221; link=&#8221;url:%2Fen%2Fasik-veysel-satiroglu|||&#8221;][vc_btn title=&#8221;2018: Fethi Gemuhluoğlu&#8221; color=&#8221;juicy-pink&#8221; size=&#8221;lg&#8221; el_class=&#8221;yillar-menu&#8221; link=&#8221;url:%2Fen%2Ffethi-gemuhluoglu|||&#8221;][vc_text_separator title=&#8221;5. International Amity Short Film Festival&#8221; i_icon_fontawesome=&#8221;fa fa-podcast&#8221; i_color=&#8221;grey&#8221; i_size=&#8221;sm&#8221; add_icon=&#8221;true&#8221; el_class=&#8221;seperator-baslik-pembe&#8221;][/vc_column][/vc_row][vc_row][vc_column][vc_column_text]<b>(1938 Kırşehir, 25 September 2012 İzmir / Türkiye) </b></p>
<p>&nbsp;</p>
<p>The Turkish folk poet, also known as the &#8220;Plectrum of the Steppe,&#8221; is the last great representative of Turkmen / Dervish culture and music tradition.</p>
<p>&nbsp;</p>
<p>He was born in 1938 in the Kırtıllar village of Çiçekdağı district (today known as Akpınar) of Kırşehir. His father, Muharrem Ertaş, is the most outstanding representative of the Turkmen/Dervish music, especially the bozlak (kind of a folk song) tradition, and his mother, Döne Ertaş, is from the Hacıaliobası village of Keskin district of Kırıkkale. His first step into the profession was to play the cymbal and darbuka at the village weddings he attended with his father from a young age. At eight, he and his family moved from Kırtıllar and settled in İbikli village. His mother, Döne, passed away when he was 12 years old. He lived a nomadic life for a while with his father and siblings. His father married a woman named &#8220;Arzu&#8221; from the Kırıksoku village of Yozgat and lived there for a time. Later, they settled in the Yerköy district of Yozgat. They resided in Kırşehir, Çiçekdağı, Yozgat, Yerköy, and then in Kırıkkale for two years, respectively. Neşet Ertaş, who was never able to get an education, learned to play first the violin, then the metal mandolin and baglama by himself. He played and sang folk songs with mandolin and violin at the local weddings he attended with his father. He said that his father&#8217;s art influenced him the most: &#8220;I owe ninety percent of my art to my father. My father and I are people of the same spirit.&#8221;</p>
<p>&nbsp;</p>
<p>In the early 1950s, Neşet Ertaş&#8217;s name was heard throughout the country after he played and sang the song &#8220;I did not laugh since I came into this world&#8221; on the &#8220;Yurttan Sesler&#8221; program directed by Muzaffer Sarısözen and broadcasted live on TRT Ankara Radio. Until the mid-1970s, he was called to Ankara Radio as a &#8220;guest local artist&#8221; every fortnight and made solo bands of fifteen minutes each. He went to Istanbul in 1957, and his first record was her father&#8217;s folk song. The first gramophone record, &#8220;Why Do You Strangely Sing, Nightingale,&#8221; was followed by other records and public concerts. After working in Istanbul for two years, he continued performing in Ankara. She traveled to almost all cities and counties of Turkey, first with concert tours together with different genre musicians and actors and then with solo concerts.</p>
<p>&nbsp;</p>
<p>Neşet Ertaş, who did his military service in the Narlıdere district of İzmir in 1962, first became a partner in an instrument shop and then transferred the shop entirely to the famous instrument master Hüseyin Koluman, known by the nickname &#8220;Tavşancı,&#8221; whom he met in Ankara after his military service. After that, he met a cleaning lady, Leyla Ertaş, who came to the shop by chance to buy his record and married. Ertaş had three children from this marriage, Döne, Hüseyin, and Canan.</p>
<p>&nbsp;</p>
<p>The artist, whose fingers were paralyzed while performing at the end of the 1970s, could not get better after two years of physical therapy and became unemployed. With the support of his older brother Necati Ertaş, he went to Germany to be treated. Shortly after, he brought his children to Germany as well. He settled first in Berlin and then in Bergheim, near Cologne. He gave concerts and went to weddings in almost all cities where Turkish workers lived. During his years in Germany, he released around 20 cassettes. He mostly sang folk songs, bozlaks, and his own folk poems, as well as Anatolian folk dance and traditional dance tunes of the Central Anatolian region.</p>
<p>&nbsp;</p>
<p>He returned to Turkey in 2003 and settled in Izmir. He stated that he could not accept the title of &#8220;state artist&#8221; given to him by saying, &#8220;I am the artist of the people.&#8221; In 2006 he was chosen for the Turkish Parliamentary Outstanding Service Award. In addition, Ertaş was included in Türkiye National List as part of the Unesco Preservation of the Intangible Cultural Heritage agreement, accepted as the Living Human Treasure, and awarded the &#8220;Honorary Doctor&#8221; title by the ITU Council on April 25, 2011. His baglama playing style and technique, the way he uses his voice and his singing style, the literary and aesthetic value of his poems, and his repertoire, as well as his poet/ashik identity, are widely became the subject of lectures and thesises in universities and conservatories.</p>
<p>&nbsp;</p>
<p>Neşet Ertaş passed away on September 25, 2012 in Izmir. Upon his will, he was buried at the foot of his father&#8217;s grave in the Bağbaşı Cemetery in Kırşehir. His family wrote the following lines on his tombstone: &#8220;Be careful, human beings / Do not hurt a soul, do not hurt / Every soul is a heart, attached to God / Do not hurt a soul, do not hurt.&#8221;</p>
<p>&nbsp;</p>
<p>The name of Neşet Ertaş, whose life and art became subject to many documentary films and various broadcasts, was given to streets, schools, parks, and cultural centers in many cities, especially in Kırşehir and Ankara. In addition, there is a monument/statue of him and his father together in Kırşehir, which was built by the sculptor Tankut Öktem at the request of the Ministry of Culture, General Directorate of Fine Arts. The Android statue made by Adil Çelik is also located in Kırşehir Neşet Ertaş Gönül Sultanları Culture House.</p>
<p>&nbsp;</p>
<p>The legacy of Neşet Ertaş, the representative of a significant tradition whose roots go back thousands of years, is being preserved and passed onto future generations by his family and loved ones…</p>
<p>[/vc_column_text][/vc_column][vc_column][/vc_column][/vc_row]</p>

<p>[vc_row el_id=&#8221;yillar-menu-row&#8221;][vc_column][vc_btn title=&#8221;2024: Mahmoud Darwish&#8221; color=&#8221;juicy-pink&#8221; size=&#8221;lg&#8221; el_class=&#8221;yillar-menu secili&#8221; link=&#8221;url:http%3A%2F%2Fdostlukfilmfestivali.com%2Fen%2Fmahmud-dervis%2F|title:Mahmud%20Dervi%C5%9F||&#8221;][vc_btn title=&#8221;2022: Neşat Ertaş&#8221; color=&#8221;juicy-pink&#8221; size=&#8221;lg&#8221; el_class=&#8221;yillar-menu secili&#8221; link=&#8221;url:%2Fen%2Fhaci-bektas-veli-2021|||&#8221;][vc_btn title=&#8221;2021: Haji Bektash Veli&#8221; color=&#8221;juicy-pink&#8221; size=&#8221;lg&#8221; el_class=&#8221;yillar-menu &#8221; link=&#8221;url:%2Fen%2Fhaci-bektas-veli-2021|||&#8221;][vc_btn title=&#8221;2020: Yunus Emre&#8221; color=&#8221;juicy-pink&#8221; size=&#8221;lg&#8221; el_class=&#8221;yillar-menu&#8221; link=&#8221;url:%2Fen%2Fyunus-emre|||&#8221;][vc_btn title=&#8221;2019: Âşık Veysel Şatıroğlu&#8221; color=&#8221;juicy-pink&#8221; size=&#8221;lg&#8221; el_class=&#8221;yillar-menu&#8221; link=&#8221;url:%2Fen%2Fasik-veysel-satiroglu|||&#8221;][vc_btn title=&#8221;2018: Fethi Gemuhluoğlu&#8221; color=&#8221;juicy-pink&#8221; size=&#8221;lg&#8221; el_class=&#8221;yillar-menu&#8221; link=&#8221;url:%2Fen%2Ffethi-gemuhluoglu|||&#8221;][vc_text_separator title=&#8221;5. International Amity Short Film Festival&#8221;&#8230;</p>
